a) = -69929*a + 139938. Give m(2).
80
Let g(i) = 78*i - 1492. Calculate g(12).
-556
Let x(d) = 192*d + 4711. Determine x(-25).
-89
Let h(g) = 2*g**3 + 533*g**2 - 291*g - 6407. Give h(-267).
1
Let w(a) = -a**2 - 54*a - 453. Give w(-40).
107
Let l(s) = 141396*s - 282709. Calculate l(2).
83
Let v(w) = 8*w**2 + 108*w - 51. Give v(-14).
5
Let t(g) = 49*g - 2271. Give t(2).
-2173
Let w(u) = 161*u + 3663. What is w(-20)?
443
Let j(c) = -c**3 - 81*c**2 - 1095*c - 76. Determine j(-64).
372
Let m(s) = -351*s + 167704. Determine m(478).
-74
Let q(a) = 8*a**3 + 24*a**2 + 21*a + 14. Give q(-2).
4
Let y(r) = 7570*r + 265027. Determine y(-35).
77
Let y(p) = 10*p**2 - 422*p - 3073. Calculate y(48).
-289
Let o(h) = -874*h + 171161. Determine o(196).
-143
Let x(k) = 5*k**2 + 547*k - 444. Calculate x(-110).
-114
Let y(z) = 13*z**2 - 10027*z + 30007. What is y(3)?
43
Let g(p) = -27*p**2 + 61*p - 508. Give g(5).
-878
Let o(n) = 1011*n - 43441. Calculate o(43).
32
Let i(u) = -15405*u - 369715. Give i(-24).
5
Let c(m) = -14*m**2 + 1764*m + 31824. Calculate c(-16).
16
Let j(v) = 1650*v + 364620. What is j(-221)?
-30
Let z(n) = n**3 + 67*n**2 - 1232*n - 73. What is z(-82)?
91
Let k(v) = 4972226*v + 94472294. What is k(-19)?
0
Let u(z) = z**2 - 292*z + 5169. Determine u(19).
-18
Let t(g) = -186*g**2 + 1159*g + 3466. Give t(-3).
-1685
Let b(c) = c**2 - 649*c + 97382. Give b(239).
-608
Let l(t) = -t**3 - 38*t**2 + 617*t - 998. Calculate l(-50).
-1848
Let i(d) = -7147*d + 114359. What is i(16)?
7
Let y(r) = r - 169. Give y(-9).
-178
Let a(j) = 3*j**3 + 37*j**2 - 84*j + 3. Calculate a(2).
7
Let l(p) = 3568*p - 135609. Determine l(38).
-25
Let m(d) = 4742*d**2 - 109079*d + 89. Determine m(23).
-210
Let i(p) = 4629*p - 162105. Give i(35).
-90
Let o(u) = -23*u**2 + 75*u - 422. Give o(9).
-1610
Let y(w) = 4981*w + 15572. Calculate y(-3).
629
Let a(w) = 91*w**2 - 914*w + 1495. What is a(8)?
7
Let z(v) = 406*v - 11947. Determine z(30).
233
Let f(z) = 3*z**3 + 25*z**2 + 32*z + 19. What is f(-7)?
-9
Let h(v) = -5004*v + 60039. What is h(12)?
-9
Let k(q) = 124*q**2 + 15651*q + 3420. Calculate k(-126).
18
Let o(s) = -3*s**2 - 225*s - 1229. Give o(-6).
13
Let w(n) = 78*n**3 - 15832*n**2 - 434*n + 5678. What is w(203)?
-6
Let c(m) = -229244*m + 3897143. Calculate c(17).
-5
Let w(j) = 430*j - 5325. Determine w(13).
265
Let c(i) = 17320*i**2 - 190527*i - 1. What is c(11)?
-78
Let k(u) = -9*u**2 + 126*u + 1025. Calculate k(-8).
-559
Let d(u) = 92518*u - 832624. Determine d(9).
38
Let j(s) = -2*s**3 - 40*s**2 + 361*s + 7600. Determine j(-19).
19
Let d(w) = 4698*w - 389955. Determine d(83).
-21
Let l(p) = -23547*p**2 - 23510*p + 39. Give l(-1).
2
Let v(j) = 172944*j + 2075406. Determine v(-12).
78
Let l(h) = 26*h**2 - 2850*h - 11396. What is l(-4)?
420
Let s(o) = -122*o**2 - 11967*o - 1086. Give s(-98).
-8
Let w(d) = -4196*d + 28305. Determine w(7).
-1067
Let w(h) = -9948*h + 79592. What is w(8)?
8
Let a(p) = p**3 - 12*p**2 + 1107*p - 11993. What is a(11)?
63
Let n(j) = 29791*j - 3723868. What is n(125)?
7
Let s(q) = 2*q**3 - 437*q**2 - 868*q + 236806. Determine s(218).
58
Let g(c) = -2*c**3 - 254*c**2 - 883*c - 17311. What is g(-124)?
-75
Let d(y) = 94*y**3 - 2822*y**2 + 98*y - 1146. What is d(30)?
-6
Let o(t) = 22*t**3 + 155*t**2 - 10230*t - 71645. Give o(-7).
14
Let p(y) = y**2 - 5036*y - 126336. What is p(-25)?
189
Let h(r) = -4*r**3 - 365*r**2 + 341*r + 6101. Calculate h(-92).
121
Let w(d) = -1353*d + 6761. What is w(5)?
-4
Let v(m) = 400*m - 19216. Give v(48).
-16
Let c(b) = -2*b**3 - 186*b**2 - 8*b - 752. Determine c(-93).
-8
Let q(x) = 1064*x + 20886. Give q(-20).
-394
Let r(p) = 604*p - 8206. Calculate r(13).
-354
Let i(a) = -2*a**3 + 21*a**2 - 11*a + 180. Determine i(0).
180
Let b(j) = 294*j - 36393. Give b(125).
357
Let f(l) = -330042*l + 28053572. What is f(85)?
2
Let a(w) = 24*w**2 - 2931*w + 26903. What is a(10)?
-7
Let x(m) = m**2 + 36*m + 205. Calculate x(-7).
2
Let d(a) = a**3 + 121*a**2 + 1300*a - 861. Give d(-109).
11
Let v(c) = -14*c**2 + 48*c - 323. Give v(8).
-835
Let k(a) = a**3 - 525*a**2 + 5621*a + 323. What is k(11)?
-40
Let u(n) = 1099*n - 18732. Calculate u(17).
-49
Let y(s) = -s**2 - 93*s - 1384. Determine y(-19).
22
Let z(m) = -16*m**2 - 2990*m + 12563. What is z(-191)?
-43
Let z(r) = -r**3 - 564*r**2 - 18039*r - 662. What is z(-34)?
-16
Let o(h) = -84889*h - 19015141. Determine o(-224).
-5
Let p(c) = 1017*c + 298998. Calculate p(-294).
0
Let s(c) = -2*c**3 + 14*c**2 - 44*c + 1457. Determine s(11).
5
Let i(a) = a**2 - 41*a - 2044. Give i(69).
-112
Let h(d) = d**3 + 41*d**2 + 4219*d + 91455. Give h(-24).
-9
Let p(y) = -3*y**3 - 3407*y**2 - 201726*y - 2145. Determine p(-1073).
1
Let r(n) = -164*n**3 + 13*n**2 - 5*n - 37. Determine r(2).
-1307
Let p(u) = 20162*u + 80648. Determine p(-4).
0
Let i(q) = 43067*q**2 + 473746*q + 103. Determine i(-11).
4
Let h(c) = c**3 + 28*c**2 + 2698*c + 62519. Determine h(-24).
71
Let p(b) = 3629*b - 751190. Determine p(207).
13
Let g(t) = -263*t - 8713. What is g(-12)?
-5557
Let w(y) = -101*y + 1176. Give w(9).
267
Let y(r) = 1048*r - 17294. What is y(17)?
522
Let u(y) = 1478*y + 5385. What is u(-4)?
-527
Let d(b) = 226*b - 3192. Calculate d(12).
-480
Let j(y) = y**3 + 17*y**2 - 282*y + 721. Calculate j(-28).
-7
Let z(a) = a**3 + 367*a**2 - 3530*a + 90479. Give z(-377).
-1
Let s(h) = 9*h**3 - 651*h**2 + 835*h - 92904. Give s(73).
25
Let c(z) = -4*z**3 - 833*z**2 + 4915*z - 1863. Calculate c(-214).
-365
Let t(f) = 35097*f + 2316339. Determine t(-66).
-63
Let q(l) = -l**3 - 123*l**2 + 2440*l - 13829. What is q(-141)?
-11
Let u(k) = -24*k**2 + 2138*k + 4183. Determine u(91).
-3
Let r(u) = 209*u + 14346. Calculate r(-66).
552
Let h(y) = 7009*y - 91020. Give h(13).
97
Let y(d) = 40*d**2 + 15857*d - 25079. What is y(-398)?
-5
Let d(m) = m**3 + 40*m**2 - 305*m + 152. Give d(6).
-22
Let c(y) = -y**3 - 40*y**2 + 170*y - 174. Calculate c(-44).
90
Let y(r) = -272*r**2 - 23935*r + 88. Calculate y(-88).
0
Let y(l) = -549820*l - 1649463. What is y(-3)?
-3
Let b(l) = -4*l**3 + 37*l**2 - 208*l + 179. Calculate b(6).
-601
Let x(k) = 7*k**3 - 5*k**2 + 18*k - 26. Give x(4).
414
Let b(w) = 34026*w - 102005. Give b(3).
73
Let f(h) = h**3 - 17*h**2 + 21*h - 152. Give f(14).
-446
Let p(f) = 5*f**3 - 30*f**2 + 35*f + 9. What is p(6)?
219
Let u(i) = 679*i + 3735. Determine u(-5).
340
Let y(q) = -1388*q - 74882. Give y(-54).
70
Let l(j) = j**2 - 4762*j + 118430. Give l(25).
5
Let k(h) = -7724*h - 53689. Determine k(-7).
379
Let c(o) = 39*o**2 + 315*o + 93. What is c(-7)?
-201
Let g(b) = 74*b**2 + 4215*b - 161. Give g(-57).
10
Let x(k) = -25*k**3 - 115*k**2 + 1139*k + 1255. Give x(-1).
26
Let g(a) = -2585*a + 64612. Determine g(25).
-13
Let j(n) = 1207958*n + 3623871. What is j(-3)?
-3
Let d(u) = -11922*u - 35572. Calculate d(-3).
194
Let v(y) = -1185*y - 26157. Give v(-22).
-87
Let l(k) = 2*k**3 - 91*k**2 + 2184*k - 102569. Calculate l(46).
11
Let l(w) = -82*w**2 + 1300*w - 3148. Calculate l(3).
14
Let t(j) = -59*j**2 + 61*j + 446. Determine t(-6).
-2044
Let u(t) = -2*t**3 + 489*t**2 + 730*t + 1971. What is u(246)?
3
Let z(r) = r**3 - 136*r**2 - 189*r + 2833. Give z(137).
-4291
Let p(w) = -2*w**3 + 49*w**2 - 310*w - 85. Determine p(14).
-309
Let t(r) = 2*r**2 + 430*r + 14199. Calculate t(-40).
199
Let x(t) = 2601*t**2 + 395350*t - 316. Give x(-152).
-12
Let i(h) = -h**3 - 182*h**2 - 724*h - 867. What is i(-178)?
1269
Let n(g) = -47*g - 3246. Calculate n(-55).
-661
Let o(g) = -707*g**2 + 20509*g - 85. Give o(29).
89
Let z(w) = 7*w**2 + 1243*w + 21895. What is z(-18)?
1789
Let a(k) = -k**2 + 8537*k - 68224. Determine a(8).
8
Let z(m) = 5727*m - 27875. What is z(5)?
760
Let j(b) = -294*b - 9904. What is j(-38)?
1268
Let f(w) = -2*w**3 - 206*w**2 - 3899*w + 108. Give f(-78).
30
Let u(q) = 541*q - 4372. Give u(8).
-44
Let j(f) = 972*f - 2135. Determine j(2).
-191
Let n(p) = -24193*p - 9701391. Calculate n(-401).
2
Let g(w) = 152*w - 7673. Calculate g(51).
79
Let i(o) = -690*o + 143808. Determine i(208).
288
Let h(y) = 125*y**2 + 8787*y - 26360. Determine h(3).
1126
Let m(b) = b**2 + 3003*b + 1873208. Calculate m(-884).
12
Let i(b) = 3*b**3 - 3*b**2 - 637*b + 16. Determine i(15).
-89
Let n(o) = -109*o**3 - 98*o**2 - 81*o + 16. Determine n(-1).
108
Let u(q) 